d 275?
25
Suppose -55*y + 2*c = -50*y - 6810, 0 = 2*y - 2*c - 2730. What is the highest common divisor of 80 and y?
80
Suppose 0 = 19*m - 3*y - 655, 164 = 5*m - 3*y - 15. Calculate the greatest common divisor of m and 3026.
34
Let u = -1940 - -2884. Suppose 5*y - 4*o - o = 1150, -4*y - 4*o + u = 0. Let f = y - 141. Calculate the highest common factor of f and 23.
23
Suppose m + 4*t = 2057, -1821 = -5*m + 4*t + 8392. Suppose -3*s + 2283 + 1832 = 4*y, 2*y - s = m. Calculate the highest common divisor of 41 and y.
41
Suppose o = -4*o + 125. Let j be (315/(-25))/9 - 544/(-85). Calculate the greatest common factor of j and o.
5
Let t be 1 + 2 - 5726/(-21) - 48/72. What is the highest common divisor of t and 2000?
25
Let u be ((-15)/(-6)*2/10)/((-361)/(-36822)). Calculate the greatest common divisor of u and 453.
3
Suppose -l = -4*q - 30, 62*l + 150 = 67*l - 2*q. Let v be 10/45 + 43/9. Suppose 4*b = v*b - 20. Calculate the greatest common factor of l and b.
10
Suppose 2*z = 5*z + 3. Let a(o) = 109*o**2 + o. Let y be a(z). Suppose -4*t = x - 32, -x + 40 = -5*t + 53. What is the highest common factor of x and y?
12
Let c be (0 - 0)/(-2*(5 - 4)). Let h be (-3 + c)*-3 - 1/1. Suppose 5*m + 54 = h*m. What is the greatest common factor of 36 and m?
18
Let p be (-48)/(-14)*(-7)/(-2). Suppose 0 = -2*q + 4*u + 39 + 29, 146 = 5*q + 2*u. Calculate the highest common divisor of p and q.
6
Suppose -20*h + 12*h + 32 = 0. Suppose -w - w - 106 = -2*i, -3*w + 191 = h*i. Calculate the highest common factor of i and 40.
10
Let u = -11 - -7. Let d be -130*3*u/24. Let j = -189 - -215. What is the highest common divisor of j and d?
13
Let f be ((-78)/9)/(4/(-6)). Suppose -957 - 3723 = -9*p. Suppose 8*b - p = -2*b. What is the highest common divisor of f and b?
13
Suppose 14 = 3*b + 5. Suppose 5*h - 45 = 2*h + b*a, 0 = -3*a + 15. Let p be (8/(-21))/4 + -731*8/(-1428). Calculate the greatest common divisor of h and p.
4
Let x(p) = -3*p**2 - 145*p + 82. Let v be x(-42). Calculate the highest common factor of 120 and v.
40
Let d be 24/(9/(-4) - -3). Suppose -3*x - 2*j + 0*j + d = 0, -2*x + 3*j = -17. Calculate the highest common factor of x and 110.
10
Suppose 11*x + 4*x - 645 = 0. Let o = x + 132. Let j(s) = 4*s + 5. Let i be j(5). Calculate the greatest common factor of i and o.
25
Let s(k) = -k**3 + 24*k**2 - 9*k - 9. Let u be s(23). Let o = u - 191. Calculate the greatest common factor of 183 and o.
61
Let v be (-3744)/(-72) + 11 + -4 + (-3 - -3). What is the highest common divisor of 23895 and v?
59
Let z(g) = 34*g**2 - g + 1. Let y be z(1). Let u = 79 - y. Suppose -7*n - 18 = -9*n. What is the highest common factor of n and u?
9
Let y(h) = 357*h**3 - h**2 + 76*h - 244. Let i be y(3). What is the highest common divisor of i and 114?
38
Suppose -x + 2*x - 22 = 0. Suppose 0*c = -2*o - 5*c + 1435, o + 4*c = 719. Suppose 0 = 5*i + 8*i - o. What is the greatest common factor of i and x?
11
Let f = -9853 - -10195. Calculate the greatest common divisor of 38 and f.
38
Let o(a) = -a**3 + 22*a**2 + 25*a - 30. Let u be o(23). Suppose 3*n - n = u. Suppose 3*s - n*s + 275 = 0. What is the greatest common divisor of 11 and s?
11
Suppose 9*l + 3*g - 135 = 8*l, 16 = 4*g. Calculate the greatest common factor of l and 18.
3
Let x = 66 - 40. Let t = x - 18. Let r = -7 + 15. Calculate the highest common divisor of t and r.
8
Let p = -636 + 632. Let d(u) = -2*u**2 - 9*u + 4. Let b be d(p). Calculate the highest common divisor of 872 and b.
8
Let r = -191 + 189. Let t be r*5*(-8)/16. Calculate the greatest common factor of t and 85.
5
Let l(b) = 5*b**3 - 2*b**2 + 2*b. Let a be l(2). Let w be 30 + 300/(-25) - -18. Calculate the greatest common factor of a and w.
36
Suppose m - 220 = 4*w, -4*w = -3*m - 12 + 680. Calculate the greatest common factor of m and 392.
56
Suppose -5*n = -3*n - 100. Let z(d) = 11*d - 11. Let w be z(5). Let b be (-108)/(-11) + 8/w. Calculate the greatest common factor of b and n.
10
Suppose -2*x = -3*y - 68 - 121, -4*x = 3*y - 351. Suppose -w - w = x. Let f be (6 - 2 - 11)*w. Calculate the highest common factor of f and 35.
35
Let s = 6467 - 5635. What is the greatest common factor of 884 and s?
52
Let u = -402 - -505. Suppose 2*r - 79 - u = 0. What is the highest common factor of r and 26?
13
Suppose -92*q - 96*q + 336 = -167*q. What is the highest common factor of q and 19984?
16
Let k = -9221 - -9316. Calculate the greatest common factor of k and 2983.
19
Suppose 0 = 2*u - 10*u + 16. Suppose 198 = u*v + 2*m, v - 81 = -3*m + 24. What is the highest common factor of v and 36?
12
Suppose 0 = -2*x + s + 5, 2*x + 20 = 3*x + 3*s. Suppose -2*b + 37 = -3*d - 2*d, -3*d = x*b - 15. What is the highest common divisor of b and 42?
6
Suppose 0 = 24*f - 2893 + 1237. Calculate the greatest common factor of 5727 and f.
69
Let y be (0 - -5)*(-16)/16. Let m = 48 + y. Let o be (m - -13) + -2 + 0. What is the greatest common divisor of 6 and o?
6
Let a(l) = l**3 + 21*l**2 - 7*l + 40. Let m be a(-21). Suppose -2*s - h = -m, 0 - 6 = -2*h. What is the greatest common factor of s and 115?
23
Suppose 412*t = 417*t - 5, 0 = 4*c + t - 561. Calculate the highest common factor of c and 8015.
35
Let d be -4 + 213*(-3 + 2). Let u = 231 + d. Calculate the greatest common divisor of u and 154.
14
Suppose 0 = 2*h + 5*m - 18, 4*h - 4*m = -944 + 1036. Calculate the greatest common factor of h and 46398.
19
Suppose -3*f + 5669 - 5219 = 0. What is the greatest common factor of f and 625?
25
Let d be -1 + (18 - ((-12)/3 + 3)). Suppose 1 = u - y, 3*u + 0*y = -2*y + d. Suppose u*q = 58 + 22. Calculate the greatest common divisor of 70 and q.
10
Suppose -20*m + 18*m = 5*f - 316, 88 = 2*f - 4*m. Calculate the highest common divisor of f and 5070.
30
Suppose -1313*o + 1287*o = -3510. Calculate the greatest common factor of 360 and o.
45
Let t = -1988 + 2663. Calculate the greatest common factor of 175 and t.
25
Suppose 0*b + 2*b = 2*r - 88, -5*r + 2*b + 208 = 0. Suppose 93 - 573 = -6*u. What is the greatest common divisor of r and u?
40
Let a be 35/42*3/(-10)*-16. Suppose 446 = a*y - 62. Let j = y + -106. What is the highest common factor of j and 147?
21
Let u(l) = l**3 - 3*l**2 + l - 1. Let i be u(3). Suppose -i*v + 169 = 5*h, -3*h + 0*h = -2*v - 95. What is the highest common factor of 11 and h?
11
Let p be (-2 - (-462)/49 - 6)*21. Suppose -5*f + 88 + 92 = 0. Calculate the greatest common divisor of f and p.
6
Suppose 60 = -124*d + 129*d. Suppose u - 2*i - 168 = 0, -2*u + 7*u = -5*i + 840. What is the highest common factor of u and d?
12
Let b(h) = -h**3 + 7*h**2 + 21*h + 9. Let c(i) = i + 11. Let p be c(-9). Suppose -p*z = -14 - 4. Let d be b(z). What is the greatest common divisor of 4 and d?
4
Let k = 12860 + -12824. What is the highest common factor of k and 264?
12
Let o be (-56)/(-10) - (-4)/10. Suppose 997*h - 996*h = 7. Let r be (h - 5)/((-5)/(-195)). Calculate the highest common divisor of o and r.
6
Let n be 1/(-4) + (506/8 - 1). Let y = -2678 - -3081. Calculate the greatest common divisor of n and y.
31
Let u(t) = -145*t - 13970. Let o be u(-110). What is the highest common divisor of 6 and o?
6
Let b(q) = 3*q - 4. Let k be b(5). Let u(r) = -14*r + k*r + 26 + 21 + 16. Let s be u(0). What is the highest common divisor of 7 and s?
7
Let x = -381 + 386. Suppose 2*l + 12 = o, -o + 2*l = x*l - 7. Calculate the highest common factor of o and 15.
5
Suppose -83129*b + 83208*b - 1738 = 0. Suppose 0 = 5*v - 3*g - 24, -4*v = -2*v + 4*g - 20. Calculate the highest common divisor of b and v.
2
Let f = -297 - -144. Let z = 186 + f. What is the highest common factor of 33 and z?
33
Suppose 19*k = 4*a + 16*k - 840, 4*a = 5*k + 832. Suppose -15*m = -18*m + a. Calculate the highest common divisor of m and 71.
71
Let r = -90 + 108. Let o be (15722/(-18))/(-7) - (-4)/r. What is the highest common factor of o and 25?
25
Let y(w) = w**3 + w. Let k(h) = 5*h**3 + h**2 + 12. Let d(t) = k(t) - 3*y(t). Let b be d(3). What is the greatest common divisor of 462 and b?
66
Let a = -46 - -39. Let m = a - -259. Suppose 5*l + z + 3*z - 160 = 0, -5*z = -4*l + 169. Calculate the highest common divisor of m and l.
36
Suppose u - 2*g = -199, -2*g = 2*u - 3*g + 410. Let w = 247 + u. What is the greatest common divisor of w and 2